 Let g = -6 - q. Let y(b) = -b**3 - b**2 - 2*b + 2. What are the prime factors of y(g)?
2, 13
Suppose 5*x - 37 = 5*i + 18, 0 = 3*x + 4*i - 5. Suppose s = x*s - 18. What are the prime factors of s?
3
Let q be 0 - (0 + -6*4). Let w be -2 + 4 + (191 - -2). List the prime factors of w/6*q/15.
2, 13
Suppose -5*c + c + 150 = 2*p, 3*c = -2*p + 152. What are the prime factors of p?
79
Suppose 0 = 171*w - 170*w - 2632. List the prime factors of w.
2, 7, 47
Suppose 0*r = 5*r - n - 4971, 4*r - 5*n = 3981. List the prime factors of r.
2, 7, 71
Let o = 13 + -16. Let j = 3 + o. Suppose j = 2*d - 0*d - 10. What are the prime factors of d?
5
Suppose -45*p = -32*p - 13767. List the prime factors of p.
3, 353
List the prime factors of (-4 - 76/(-10))/((-6)/(-5120)).
2, 3
Suppose -y = -44 + 23. Suppose -4*n - 2*g + 4*g - 2 = 0, -g = 5. Let q = y + n. What are the prime factors of q?
2, 3
Let v = -746 - -1521. List the prime factors of v.
5, 31
Let j(b) = b**3 + 8*b**2 - 14*b - 11. Let h(f) = 4*f**3 + 33*f**2 - 56*f - 43. Let s(l) = 2*h(l) - 9*j(l). List the prime factors of s(-9).
2, 5, 13
Let p(i) = -i**2 - 9*i - 4. Suppose 0 = 5*b - 3*h - 90, -5*b + 3*b + 36 = 2*h. Suppose 0*m = -3*m - b. List the prime factors of p(m).
2, 7
Suppose 13*s + 848 = 5*s. Let g = s + 180. What are the prime factors of g?
2, 37
Let a(u) = -2 + 295*u**3 + u**2 - 288*u**3 - 1 + 2*u. What are the prime factors of a(2)?
61
Suppose 0 = -0*s + 3*s - 1884. Suppose -p = 5*o + 129 - s, 5 = -5*p. What are the prime factors of o?
2, 5
Suppose 0 = -35*p + 34*p + 21. List the prime factors of (p/14)/(1/6).
3
Suppose -23*h - 29108 = -42*h. What are the prime factors of h?
2, 383
Let m(f) = 4*f**2 + f. Let d be m(2). Suppose -530 = 13*n - d*n. What are the prime factors of n?
2, 53
Let l(i) be the second derivative of 0 - 1/6*i**3 - 1/12*i**4 + 7*i + 15*i**2. List the prime factors of l(0).
2, 3, 5
Let i(p) = 5*p**2 + p - 2. Let f be i(1). Let j be (8/(-2))/f - -4. Suppose 2*y + 126 = 4*v, -y = -j*v - 0*y + 95. What are the prime factors of v?
2
Let n = 332 + -223. What are the prime factors of ((-12)/3 + n)/1?
3, 5, 7
List the prime factors of (2524/5)/1 - 160/200.
2, 3, 7
Suppose -3*z + 210 = -357. List the prime factors of 2*z/6 - (-2 - -1).
2
Let h = 1685 - -511. What are the prime factors of h?
2, 3, 61
Let d be 0/(-5 + (1 - -2)). Suppose c - 2*c + 4*q + 5 = d, 2*c - 3*q - 15 = 0. Suppose 0*u = 3*u - c. List the prime factors of u.
3
Suppose 2*a - 811 = -z, 0*a + 3232 = 4*z + 5*a. List the prime factors of z.
11, 73
Suppose -2*d + 108 = 3*x - 36, 0 = 4*x - 5*d - 192. List the prime factors of -2*(-6)/(x/44).
11
Let n(f) = 17*f**2 + 5. Let i = 17 + -14. Let v(u) = 34*u**2 - u + 9. Let s(d) = i*v(d) - 5*n(d). What are the prime factors of s(1)?
2
Let q = 7947 + -5075. List the prime factors of q.
2, 359
Suppose -12*z = -2941 - 95. What are the prime factors of z?
11, 23
Suppose -13*a + 55 = -2*a. Suppose -2*b + a*h = 14, h - 2 + 7 = 3*b. What are the prime factors of b?
3
Suppose 1984 = 4*i - 4*h, 4*i + 2*h = 2455 - 459. Suppose -4*z + i = 150. What are the prime factors of z?
3, 29
Suppose 2*c + 16 = 2*t, -6*c + c - 2*t - 33 = 0. What are the prime factors of 7842/42 + (-2)/c?
11, 17
Suppose -m - 2*x = -0*x - 122, -2*m = 2*x - 248. What are the prime factors of m?
2, 3, 7
Suppose -4*h + 2*h + 862 = 3*y, 3*h - 1276 = 4*y. List the prime factors of h.
2, 107
Suppose 2 - 6 = -j. Suppose -2*v - j*s = 3*v - 162, 0 = -3*s + 9. What are the prime factors of v?
2, 3, 5
Let f be (2 + 2)/(6/255). Suppose 3*u = 8*u - f. Let r = u + -16. What are the prime factors of r?
2, 3
Let v(s) = -7*s**2 + 13*s - 22. Let g(b) = -13*b**2 + 27*b - 45. Let m(u) = 6*g(u) - 11*v(u). List the prime factors of m(15).
2
Suppose 6*f = 984 + 594. List the prime factors of f.
263
Suppose 2 = -v + 3*v + 4*j, 0 = 4*v - 3*j - 15. Let q(f) = 2*f - 10 + 16 + v. What are the prime factors of q(0)?
3
Suppose y + 7 = -4*n, 19 = -y + 6*y + 2*n. What are the prime factors of (-316)/y*(-15)/6?
2, 79
Suppose -i + 6*i = 575. Let s = -47 + i. List the prime factors of s.
2, 17
Let g = 342 + 106. What are the prime factors of g?
2, 7
Let o = 34 - 32. Suppose -6*w + 304 = -o*w. List the prime factors of w.
2, 19
Suppose -4*f = -12, -k + 0*f + 17 = 5*f. Let p = 2 + k. Suppose 5*o - 74 = 4*d - 28, p*d = 4. List the prime factors of o.
2, 5
Suppose 370 = 5*y - 85. List the prime factors of y.
7, 13
List the prime factors of (1420/(-14))/(23/(-322)).
2, 5, 71
Let t(x) = -44*x - 5. Suppose 2*m + 3 = -3, 0 = -4*p - 4*m - 20. List the prime factors of t(p).
83
Let y(i) = 43*i + 90. What are the prime factors of y(10)?
2, 5, 13
Let l(h) = 6*h**2 - 23*h - 230. What are the prime factors of l(-7)?
3, 5
Let v = 2544 + -762. What are the prime factors of v?
2, 3, 11
Let r be (-60)/16*(-80)/3. Suppose -11*x + 7*x = -r. What are the prime factors of x?
5
Let j be (0/1)/(6/6). Suppose 3*k - 15 = 2*n, -2*n = -2*k + 12 - j. What are the prime factors of (-2)/(-6)*(72 - k)?
23
Let y(a) = -28*a - 27. Let m(z) = z**2 - 12*z + 30. Let n be m(6). List the prime factors of y(n).
3, 47
Let g(r) = -r**3 - r + 23. Let w be 0/(-1*(-2 + 3)). Let o be g(w). Suppose 3*h - 13 - o = 0. What are the prime factors of h?
2, 3
Let o = 12 - -335. List the prime factors of o.
347
Let k = 31 - 28. Suppose -36 = -y + 3*o, 0*y + 3*y - k*o - 78 = 0. Let l = y + -19. List the prime factors of l.
2
List the prime factors of 5 + (-67)/((-70)/65 + 1).
2, 3, 73
Let o = 11 + -3. Suppose 0 = -11*s + 9*s + o. Suppose s*k - 2*f + 0*f - 62 = 0, -k + 5*f + 38 = 0. What are the prime factors of k?
13
Let u(v) = -149*v - 301. What are the prime factors of u(-25)?
2, 107
Let z(a) = 4*a**3 + 3*a**2 - 20*a + 13. What are the prime factors of z(5)?
2, 61
Let l = -44 - -40. Let c(z) = -2*z**3 - 3*z**2 - 3*z - 9. List the prime factors of c(l).
83
Suppose -128*o = -134*o + 3468. What are the prime factors of o?
2, 17
Let u be 4/10*10 - -4. Let q(z) = z**2 - z - 22. What are the prime factors of q(u)?
2, 17
Suppose -6*f = 1484 - 4892. Suppose -5*h + f = -2*i, 0*i + 216 = 2*h + 2*i. List the prime factors of h.
2, 7
Suppose 2*n + 5*c + 28 = 3*n, 0 = 5*n - 3*c - 30. Suppose 0 = -n*y - 71 - 49. Let z = 86 + y. What are the prime factors of z?
2, 23
Let c be (-436)/28 - -15 - 176/(-14). Suppose 2*y - 1 = 5, 5*r + 3*y = -16. Let h = r + c. List the prime factors of h.
7
Suppose 26592 + 10162 = 46*y. What are the prime factors of y?
17, 47
Let q(z) = z**2 - 11*z + 2. Let p be q(8). Let a = 2 - p. Let k = a + -14. List the prime factors of k.
2, 5
Let c(o) be the third derivative of o**5/60 - o**4/12 + 5*o**3/6 - 5*o**2. List the prime factors of c(6).
29
Suppose 3*n = -q + 7, 2*n + 23 = 4*n - 3*q. What are the prime factors of n/(-6) + 3655/51?
71
Suppose 8*a - 1319 - 2593 = 0. List the prime factors of a.
3, 163
Let h = -238 - -58. Let o = -69 - h. List the prime factors of o.
3, 37
Suppose 4*o = -4*q + 64, -4*o - 3*q = -38 - 25. Let i = 5 - o. Let b = 12 - i. What are the prime factors of b?
2, 11
Let g(u) = u + 24. Let a be g(10). What are the prime factors of (-1022)/(-4) + -7 + a/4?
257
Let d be 203 + (-3 + 6 - -1). Suppose 4*g = 5*s - d, -g - 53 + 11 = -s. List the prime factors of s.
3, 13
Let s be ((-2)/(-3))/((-10)/30). What are the prime factors of 702/3 - 4/(s - -6)?
233
Suppose 2*x - 4 = x. Suppose 5*r = -s - 0*s + 19, x = s. Suppose -28 = -r*o - 1. List the prime factors of o.
3
Suppose 1155 = -20*u + 31*u. Suppose 166 = -4*r - 42. Let p = u + r. What are the prime factors of p?
53
Let y be -4 + 7/(7/3). Let k = y + -6. Let c(t) = -t**2 - 8*t + 10. What are the prime factors of c(k)?
17
Let i be 0/(6/3 - 3). Suppose -3*x + 2*m = -2*x - 2, 5*x + 2*m + 14 = i. Let f(z) = 5*z**2 + z. List the prime factors of f(x).
2, 3
Let u(a) = -a**2 + 5*a - 50 + 7*a - 47 + 87. Let x(k) = -k + 18. Let p be x(8). List the prime factors of u(p).
2, 5
Suppose 0 = 3*k - 4*m + 38, 2*k - m + 7 + 10 = 0. List the prime factors of 87 + k - -3*1.
2, 3, 7
Suppose 15*m = -701 + 12881. List the prime factors of m.
2, 7, 29
Let s = 6 + -6. Suppose s = 5*r - 143 - 32. Suppose -28 = -3*b + 4*h, r - 3 = 5*b - 3*h. List the prime factors of b.
2
Suppose -40 = -4*m - 0*m. Suppose 4*j + j = m. Suppose 265 = 5*v + 5*c, 0 = -3*c